What is the remainder when z is divided by (-87 + 27)/(-5 + -7)?
4
Suppose -11*r - 10*r = -105. Suppose -7 = -4*z - r*i, 0*i - 5 = 5*i. Calculate the remainder when 20 is divided by z.
2
Let n = 54 - 49. Suppose -6 = 2*c - n*c. Suppose c*k = 5*p - 33, -4*p + k + k = -28. What is the remainder when 23 is divided by p?
3
Let s(j) = 5*j + 60. Let d(x) = 4*x + 59. Let f(p) = 4*d(p) - 3*s(p). Let c be f(-17). What is the remainder when 4*(c/(-2))/(-3) is divided by 14?
12
Calculate the remainder when 131 is divided by 106 + -36 + -2 + 9.
54
Let d(m) = 14*m**3 - m**2 - 4. Let f be 3/((-60)/8)*-5. Let z be d(f). Calculate the remainder when 24 is divided by (-5 + z/20)*65.
11
Let o = -31 - -102. Let z = o - 41. Calculate the remainder when z is divided by (32/10)/(3/15).
14
Let q(c) = -434*c - 8377. What is the remainder when q(-21) is divided by 36?
17
Let w(g) = -13*g + 6. Let p be w(-4). Suppose 0 = -5*s + m + p, 3*s - 2*s = -3*m + 2. What is the remainder when s is divided by (-1)/(-8)*0 + 2?
1
Let w(z) = 6*z + 86. Let y be w(-12). Suppose k - 42 = -l, 4*l - y*k = -9*k + 213. What is the remainder when l is divided by 10?
7
Suppose -16 = 707*v - 644*v - 520. Let q = 4 - -15. What is the remainder when q is divided by v?
3
Let y = 76 + -45. What is the remainder when 99 - (27/(-3) + 17) is divided by y?
29
Let t(l) = -5*l**2 - 59*l - 43. Suppose -24*o = 157 + 83. Calculate the remainder when t(o) is divided by 10.
7
Suppose -4 = -k - 0. Suppose -4*j + 4*m = -20, -k*m - 7 = -2*j - 3*m. Suppose 5 - 55 = -j*a. Calculate the remainder when a is divided by 13.
12
Let u = -1 + 1. Suppose u = -5*v + 201 + 134. Suppose 0*l = 4*l, h - v = -l. Calculate the remainder when h is divided by 23.
21
Let p = 6 - 3. Suppose z = 2*n - 11, -3*n + 12 = -4*n - p*z. Calculate the remainder when (-70)/4*15/((-1650)/88) is divided by n.
2
Suppose 2*x - 4*x + 60 = 0. Calculate the remainder when (5 - 78/15) + (10989/45 - 5) is divided by x.
29
Suppose -2*f + h = -351, -4*f + 705 = -3*h - 0*h. Suppose -2*i = -5*p + 3*i + 110, 41 = 2*p - 3*i. Calculate the remainder when f is divided by p.
24
Suppose -28 + 303 = 5*q - 90. Calculate the remainder when 91 is divided by q.
18
Let m be (2 - -7)*(-20)/(-15). Suppose 2*a + 2*a = 4*n - m, -2*a - 4*n + 18 = 0. Calculate the remainder when 19 is divided by 2/a + (0 - -3 - -9).
5
Suppose -20*z + 5*j = -18*z - 45, -4*z + 45 = -j. Suppose 3*m + z + 5 = 0, 0 = -3*c + 2*m + 85. Calculate the remainder when 98 + 2*(-2)/(-4) is divided by c.
24
Calculate the remainder when (831/(-15) + 12)*-5 is divided by 114.
103
Calculate the remainder when 1494 is divided by (-1 + -33 + 0)*(-4)/8.
15
Let j = 1482 - 1464. Let h = -116 + 182. What is the remainder when h is divided by j?
12
Let j be (1467/30 - (-2)/(-5))*2. Suppose 5*h = 5*w + 200, 23 = 3*h - w - j. Suppose -16 - h = -4*l. What is the remainder when l is divided by 8?
6
Suppose -52*c = 75*c - 635. Suppose 3*s - 81 = -3*g, 2*s - 5*g - 25 - 43 = 0. Suppose -c*j + 111 = -s. What is the remainder when 55 is divided by j?
27
Let w = 46 + -18. What is the remainder when (-103)/(6 - (-1 - -8)) is divided by w?
19
Let b = 17 - 1. Let g = b + -10. What is the remainder when (4 - 2)/((-6)/(-69)) is divided by g?
5
Let v = 7407 - 7191. What is the remainder when v is divided by 215?
1
Let m = 41273 + -33258. What is the remainder when m is divided by 99?
95
Suppose 0 = 2*q + 3 - 9. Suppose m + 4*b - 16 = -b, -4*m + 64 = -q*b. Suppose 65*d - 105 - 1455 = 0. What is the remainder when d is divided by m?
8
Suppose 0 = 55*y - 48*y - 1148. Let p = y - 153. Calculate the remainder when 250 is divided by p.
8
Let t = 0 + 3. Suppose -t*o = -7*o + 36. Suppose -f - 2*k - 247 = -289, 2*f + 46 = 6*k. What is the remainder when f is divided by o?
7
Suppose 2*t - 50 = 4*c, -2*t - 3*c = -6*c - 45. Calculate the remainder when (478/3)/((-4)/(-6)) is divided by t.
14
Suppose -25*o + 19 = q - 20*o, 5*q = -5*o + 75. Calculate the remainder when 1142 is divided by q.
8
Let a be 6/10 + (-7 - 470/(-50)). Let m = 442 - 205. Suppose -a*d - 13 = z - 105, -3*z + 4*d = -m. What is the remainder when z is divided by 18?
11
Suppose -5*t - f = -1100, 4*t - 168 - 712 = -2*f. Suppose 2*l - t = -0*l. Let c = l + -51. What is the remainder when c is divided by 12?
11
Let d(x) = x**2 - 2*x + 3. Let w be d(3). Suppose -w*m + m = -25. What is the remainder when 5/3 - (-5564)/321 is divided by m?
4
Let z = -201 - -317. Let g = z - -18. What is the remainder when g is divided by 45?
44
Let n = 4 - -1. Suppose -4*w + 46 = 2*m, -n*w = -3*m + m - 44. Suppose -9*y = -9*y + 4*y - 352. What is the remainder when y is divided by w?
8
Suppose 0*l - 60 = -6*l. Let f = -4694 - -4704. What is the remainder when l is divided by f?
0
Let d = -24729 - -24818. What is the remainder when 6315 is divided by d?
85
Suppose -292 = -3*m + 65. Suppose 12*u + 3958 = 46. Calculate the remainder when m is divided by (-3)/8 + u/(-16).
19
Let z = -1212 + 1864. Suppose -3*g - 7 = -19, 2*m + 3*g = z. Calculate the remainder when m is divided by 46.
44
What is the remainder when (-3111)/(-45) - 36/270 is divided by 38?
31
Suppose 1668 = 22*l - 840. Calculate the remainder when l is divided by (197/5 + 4/(-10))*1.
36
Suppose -68*o + 31*o = -24*o - 2418. What is the remainder when 4088 is divided by o?
182
Let d be ((-48)/(-14))/8 - 2832/(-7). Suppose -d = 1002*c - 1007*c. What is the remainder when c is divided by 27?
0
Suppose -5*d + 413 = 2*o - 102, 0 = 5*o + 25. Suppose 0 = -7*g + 4*g + d. What is the remainder when 138 is divided by g?
33
Let n(u) = 13*u**2 - 731*u + 2176. Calculate the remainder when 435 is divided by n(3).
35
Let f be (-1008)/(-39) + 2/13. Suppose 0 = -5*g + 3*g + f. Let q(r) = 4*r - 11. What is the remainder when 120 is divided by q(g)?
38
Let l = 582 - 455. Let v = l - 90. Calculate the remainder when 139 is divided by v.
28
Let i(s) = 3*s**2 + 2. Let x(h) = -15*h - 152. Let u be x(-10). What is the remainder when i(5) is divided by 6/u + (-23)/(-11 - -10)?
17
Calculate the remainder when 12387 is divided by -1 - (0 + -32) - ((30 - 36) + 7).
27
Let h = 26742 - 26694. Calculate the remainder when 3738 is divided by h.
42
Let x be (11/((-264)/18))/(2/(-16)). Suppose -x*t + 447 + 45 = 0. What is the remainder when 241 is divided by t?
77
Let r(o) = -o**3 - 111*o**2 - 1624*o - 328. Calculate the remainder when r(-94) is divided by 118.
110
Let c = 225 - 305. Let y = 119 + c. What is the remainder when y is divided by (2 - 1) + 0 + 20?
18
Let x = -17062 - -17195. What is the remainder when 1316 is divided by x?
119
Let s(t) = 5*t - 45. Suppose -3*g = g + 8. What is the remainder when (-19)/(g/14 - 0) is divided by s(18)?
43
Let y = 4 - -34. What is the remainder when y is divided by 42/(-14) + 144/6?
17
Let v = -464 - -836. Let c = v + -353. What is the remainder when 66 is divided by c?
9
Let v = -949 + 945. Let b(y) = 0*y**3 + 0*y - 6*y**2 - 2*y**3 + 8 + 1 + y. What is the remainder when 72 is divided by b(v)?
35
Calculate the remainder when 276/(5 - 8)*3/(-4) is divided by 16.
5
Let j be -1 - (-171)/(2/(-2)). Suppose -q = -3*f + 98, 305*q - 2*f = 307*q + 164. Let y = q - j. Calculate the remainder when y is divided by 11.
9
Let m be (-5)/((-15)/(-558))*(7 + -6). Let j = m - -191. Calculate the remainder when j is divided by 1.
0
Let w(v) = 34*v + 86. Let g(q) = -35*q - 86. Let c(s) = -3*g(s) - 4*w(s). Calculate the remainder when c(-4) is divided by 14.
10
Suppose 0 = 2*u + 40*q - 37*q - 220, -2*u + 3*q + 256 = 0. Calculate the remainder when u is divided by 106.
13
Let z = -222 - -245. Let j(w) = 9*w - 2. Calculate the remainder when z is divided by j(2).
7
Let d(x) = 10*x + 47. Suppose 9 = -2*q - 4*t + 3*t, -3*t = q + 7. What is the remainder when 208 is divided by d(q)?
5
Let m(y) = -4*y + 1470 - 2*y - 2*y - 1553. What is the remainder when 58 is divided by m(-11)?
3
Let g = 68 + -29. Let s = g + -26. Let a = s + 2. Calculate the remainder when 41 is divided by a.
11
Suppose b + 125 = 2*r + 3*r, -3*r - b + 67 = 0. Calculate the remainder when r is divided by (261/(-116))/(3/(-16)).
0
Let m = -40 + 30. Let o be (m/3)/((12/(-9))/4). Suppose 3*r + 3*h - 21 = 0, 0 = 6*h - h + o. What is the remainder when r is divided by 2?
1
Let p(y) = -2*